 40 = -b, b - 42 = 2*y. Suppose m + 3*q - b = 33, 4*m + 2*q - 274 = 0. What is the remainder when m is divided by 8?
4
Let b = 11432 + -11089. What is the remainder when b is divided by 329?
14
Let y(u) be the first derivative of -3*u**2/2 - 3*u + 29. Let r be y(-2). Suppose -r*k + 177 = 87. What is the remainder when 84 is divided by k?
24
Let h be (-8)/2 + -10 + (-1 - -4). Let k(o) = -26*o - 106. What is the remainder when k(h) is divided by 14?
12
Let l(a) = 5*a + 36. Let k be l(-11). Let u(g) = g**3 + 18*g**2 - 22*g - 23. What is the remainder when 122 is divided by u(k)?
20
Let l(r) = -4*r**3 + 85*r**2 - 11*r - 13. What is the remainder when 678 is divided by l(21)?
87
Let k = 18097 + -17938. Calculate the remainder when 1586 is divided by k.
155
Let k(n) be the third derivative of -n**4/4 - 95*n**3/6 + 6*n**2 - 4*n. Let v = -263 - -386. Calculate the remainder when v is divided by k(-21).
30
Let c = -4977 + 5036. What is the remainder when 4837 is divided by c?
58
Let m(x) = -38*x + 329. What is the remainder when m(3) is divided by 82?
51
Suppose 0*m + 268 = 2*y + 5*m, 4*m = 3*y - 356. What is the remainder when 8923 is divided by y?
119
Let z(x) = -37*x + 30. Let n be z(1). Let i(y) = y**2 + 5*y + 1. Suppose -551 - 114 = -5*q. What is the remainder when q is divided by i(n)?
13
Suppose 3*c = 4*l + 2, -4*c - l - 4*l - 18 = 0. Calculate the remainder when 25 is divided by c*((-95)/10 - -1) + -3.
11
Let k = -2 + 8. Suppose 0 = p + 3*j - 30, -j = -k*p + 5*p + 26. Suppose 4*m + 4*c + 1 = 7*m, 2*c - 13 = -3*m. What is the remainder when p is divided by m?
0
Let k be (3/3)/((-9)/(-8523)). Let s = -922 + k. Calculate the remainder when s is divided by 8.
1
Suppose 0*q - 8*q + 55 = -145. Calculate the remainder when 491 is divided by q.
16
What is the remainder when -5*(192/60 + -11) is divided by 28?
11
Let k(i) = 2*i**3 + 20*i**2 - 5*i - 29. Let d be k(-10). What is the remainder when 6510/d + (3 - 10) is divided by 6?
3
Let r = -2 - -40. Suppose 0 = -v + 2*i - 4 - 2, 4*i - 12 = v. Let s = v - -20. What is the remainder when r is divided by s?
18
Suppose 5*q + w = 1413, -2*q + 4*w + 975 = 423. What is the remainder when q is divided by 12?
6
Let l(y) = -4*y**2 + 38*y - 94. Let z be l(14). What is the remainder when (-5)/(-30) + 0 + z/(-12) is divided by 16?
13
Let d(f) = -f**3 - 44*f**2 - 173*f - 403. Calculate the remainder when d(-41) is divided by 109.
12
Let o = 26050 - 25965. Suppose 5*g - 25 = 0, -3*d + g = -0*d - 127. What is the remainder when o is divided by d?
41
Let q = -27 + 40. Let p(l) = -l**3 + 18*l**2 - 57*l + 18. Let n be p(14). What is the remainder when ((-2)/n)/(q/(-1742)) is divided by 34?
33
Suppose -66 = 58*w - 36*w. Calculate the remainder when 17 is divided by (w + (-2 - -3))/((-2)/10).
7
Let r = -59 - -82. Suppose -397 = -u + r. What is the remainder when (u/2)/(-3)*3/(-6) is divided by 9?
8
Let c = -14243 - -14246. Suppose 3*h = -z + 21, -4*z + 3*z = -5*h + 35. What is the remainder when h is divided by c?
1
Let b(x) = -x**2 + 15*x - 6. Let l be b(11). Suppose l = u + u. What is the remainder when (2 - 0)/(60/4530) is divided by u?
18
Let r be (2 + (-23)/4)*-4. Let w = r + 72. What is the remainder when w is divided by 1617/44 + -16 - (-5)/4?
21
Let l(j) = -j**3 + 9*j**2 - 6*j - 4. Let h(f) = -3*f**2 - 4 + 2*f**2 - 12 + 15*f + 6. Calculate the remainder when h(7) is divided by l(8).
10
Suppose 3*h + 5*i + 740 - 132 = 0, -2*h + 3*i = 380. Suppose -2*j + 63 = -35. Calculate the remainder when j is divided by 20*7*(-7)/h.
4
Suppose -p - 4*g = -53, 59*g + 307 = 5*p + 58*g. Suppose -r + 3*r - 2*l = 480, 0 = r - 3*l - 246. Calculate the remainder when r is divided by p.
54
Suppose -2*t + 83 = 43. Calculate the remainder when 193 is divided by t.
13
Let g = 4164 - 4160. Let k = 1 + 3. Calculate the remainder when 4/2 - k*-4 is divided by g.
2
Suppose 57*g = 5*h + 62*g - 775, 0 = 4*h + 2*g - 636. What is the remainder when 780 is divided by h?
128
Suppose -5*q - 230 + 205 = 0. What is the remainder when 1/((-1)/(-11)*1) is divided by (27/(-5) - q)*-5?
1
Suppose 4992 = 12*x + 4*x. Calculate the remainder when x is divided by 106.
100
Suppose 3*b + 121 = 340. Suppose 845*m - 1206*m + 76532 = 0. Calculate the remainder when m is divided by b.
66
Let i(d) = -d**2 + 7*d + 4. Let m be i(6). Let w = -813 - -984. Let t = w - m. Calculate the remainder when t is divided by 41.
38
Suppose 6*u = 2*u + 64. Let c = 268 + -556. Let n = c + 333. What is the remainder when n is divided by u?
13
Let z = 60356 + -60305. Suppose j + 28 = 3*j + 4*n, 2*n = 8. What is the remainder when z is divided by j?
3
Let n(k) = -2*k**2 - 160*k - 2545. Let c = 34 + -2. What is the remainder when n(-45) is divided by c?
29
What is the remainder when ((-1446)/12 + -9)/((-2)/4) is divided by (78/(-5))/((-10)/((-500)/(-15)))?
51
Let n = -24 + 28. Suppose 238 = n*s - 90. What is the remainder when s is divided by 14?
12
Let i(d) = d + 46. Let r(n) = -3*n**3 + 8*n**2 - 5*n + 6. Let w = -1580 - -1582. What is the remainder when i(0) is divided by r(w)?
2
Let i(z) = 15*z + 3. Let a be i(-4). Suppose -241*y - 6 = -240*y. What is the remainder when (a/y)/(1/12) is divided by 39?
36
What is the remainder when 349 is divided by (18054/1071)/((-2)/(-14))?
113
Let o(g) = 2*g + 13. Let d be o(-10). Let r(f) = 3*f**2 + 13*f - 1. Let q be r(d). Let i = q + -50. Calculate the remainder when 9 is divided by i.
4
Suppose -228 = -5*d + 117. Let b(q) be the first derivative of q**4/4 + 7*q**3/3 - 3*q**2 - 36*q - 283. Calculate the remainder when d is divided by b(-6).
33
What is the remainder when 24 is divided by 15/(-35) + (1220/(-14))/(-5)?
7
Let l(o) = -954*o + 996. What is the remainder when 670 is divided by l(1)?
40
Let j be (-6165)/65 + 4/(-26). Let z = j + 128. Calculate the remainder when 228 is divided by z.
30
Let d be 16/4*(-15)/(-10). Let h(a) = 2 - 1 + d*a**3 + 5*a - 6*a + a**2. Calculate the remainder when h(1) is divided by 5.
2
What is the remainder when (-12 + 532/42)/(4/10584) is divided by 26?
22
Suppose -1924 = -5*o - 171*y + 170*y, 4*y - 1921 = -5*o. Calculate the remainder when o is divided by 41.
16
Suppose 39 + 57 = 32*a. Suppose -z + a*h = -133, 5*z - 2*z - 5*h - 383 = 0. Calculate the remainder when z is divided by (31/(-4))/(1/(-4)).
28
Suppose 5*z - 3*d = -1, 2*z - d = -6*d - 19. What is the remainder when 0/(4/z) - -5 is divided by 2/3*(-378)/(-84)?
2
Let v = -89 + 107. Let m be (-18)/(-5) + 4/10. Let t(p) = 3*p**2 + 5*p - 1. Calculate the remainder when t(m) is divided by v.
13
Let p be -2*9/(-12)*(-28)/3. Let f = -2 + p. Calculate the remainder when 117 is divided by (51/6)/((-8)/f).
15
Suppose -2*i = -p - 84, 5*p + 40 + 11 = i. Suppose 4*z + y - 19 = 0, 3*z - 4*y - 15 - 23 = 0. Calculate the remainder when i is divided by z.
5
Suppose 2*t = 4*s + 224, -4*t - 100 = -5*t - 2*s. What is the remainder when 58 is divided by 9/30*-2 + t/10?
8
Let i(c) = 63*c - 892. What is the remainder when i(19) is divided by 107?
91
Let m(r) = -1788*r**3 + r**2 - 11*r - 9. Calculate the remainder when m(-1) is divided by 138.
135
Let h = 371 - 333. Suppose k = -3*o + 160, -h*k + 41*k - 430 = o. Calculate the remainder when k is divided by 30.
25
Let p(z) = 57*z - 35. Suppose 53*a - 33 = 42*a. What is the remainder when p(a) is divided by 46?
44
Suppose 3*l + 61 = 64, 4*n - 1141 = -5*l. What is the remainder when 571 is divided by n?
3
Suppose 37 = 5*o + 22. Let u(p) = -15*p - 26. Let m be u(-6). Suppose -5*a - o*i - 33 = -109, -4*i = 4*a - m. Calculate the remainder when 94 is divided by a.
10
Let k be (2 - (0 + 3)) + 58. Suppose 6*a - k = 63. Calculate the remainder when a is divided by 2/1*(-112)/(-32).
6
Suppose 167 = -12*i + 23. Calculate the remainder when 24 is divided by (-30)/i*4/5 + 15.
7
Suppose 2*y - n = 198, -2*y + 4*n = 155 - 353. What is the remainder when 244 is divided by y?
46
Suppose 0*v - 3*v - l = -13, -31 = -5*v + 3*l. Suppose r + 144 = 5*r. What is the remainder when r is divided by (v - 12 - -5) + 22?
16
Let w(n) = n**3 + 12*n**2 - 14*n - 11. Let b be w(-13). Suppose b*q = -q + 105. Suppose -5*k - 12 = -6*k. What is the remainder when q is divided by k?
11
Suppose 393 = 41*p - 49*p + 2305. What is the remainder when 1625 is divided by p